{"id":473,"date":"2015-11-13T12:54:02","date_gmt":"2015-11-13T12:54:02","guid":{"rendered":"http:\/\/xml-io.proteusthemes.com\/structurepress\/?page_id=473"},"modified":"2016-04-26T10:25:58","modified_gmt":"2016-04-26T07:25:58","slug":"transparan-cepheler","status":"publish","type":"page","link":"https:\/\/oskaraluminyum.com.tr\/oskar\/cephe-kaplama-hizmetlerimiz\/aluminyum-kompozit-panel-cephe-kaplamalari\/transparan-cepheler\/","title":{"rendered":"Transparan Cepheler"},"content":{"rendered":"<div id=\"pl-473\"  class=\"panel-layout\" ><div id=\"pg-473-0\"  class=\"panel-grid panel-no-style\" ><div id=\"pgc-473-0-0\"  class=\"panel-grid-cell\" ><div id=\"panel-473-0-0-0\" class=\"so-panel widget widget_sow-editor panel-first-child panel-last-child\" data-index=\"0\" ><div class=\"so-widget-sow-editor so-widget-sow-editor-base\">\n<div class=\"siteorigin-widget-tinymce textwidget\">\n\t<h4>Transparan Cepheler<\/h4>\n<p>\u00a0<\/p>\n<p style=\"text-align: justify;\">\u00d6zel paslanmaz rotiller arac\u0131l\u0131\u011f\u0131yla d\u00f6rt kenar\u0131ndan delinerek tutturulmu\u015f olan \u0131s\u0131cam veya lamine tek veya \u0131s\u0131 camlara ta\u015f\u0131y\u0131c\u0131 \u00e7eklik konstr\u00fcksiyona mekanik olarak ba\u011flanmaktad\u0131r. Bu sistemde ana ta\u015f\u0131y\u0131c\u0131lar mimari istekleri do\u011frultusunda normal \u00e7elik veya paslanmaz \u00e7elik \u015feklinde \u00e7e\u015fitli alternatiflerle de yap\u0131labilmektedir.<\/p>\n<\/div>\n<\/div><\/div><\/div><div id=\"pgc-473-0-1\"  class=\"panel-grid-cell\" ><div id=\"panel-473-0-1-0\" class=\"so-panel widget widget_sow-editor panel-first-child panel-last-child\" data-index=\"1\" ><div class=\"so-widget-sow-editor so-widget-sow-editor-base\">\n<div class=\"siteorigin-widget-tinymce textwidget\">\n\t<p><img loading=\"lazy\" class=\"alignleft size-full wp-image-1149\" src=\"http:\/\/oskaraluminyum.com.tr\/oskar\/wp-content\/uploads\/2015\/11\/transparan-cephe-kaplamasi.jpg\" alt=\"transparan-cephe-kaplamasi\" width=\"840\" height=\"420\" srcset=\"https:\/\/oskaraluminyum.com.tr\/oskar\/wp-content\/uploads\/2015\/11\/transparan-cephe-kaplamasi.jpg 840w, https:\/\/oskaraluminyum.com.tr\/oskar\/wp-content\/uploads\/2015\/11\/transparan-cephe-kaplamasi-300x150.jpg 300w, https:\/\/oskaraluminyum.com.tr\/oskar\/wp-content\/uploads\/2015\/11\/transparan-cephe-kaplamasi-768x384.jpg 768w, https:\/\/oskaraluminyum.com.tr\/oskar\/wp-content\/uploads\/2015\/11\/transparan-cephe-kaplamasi-540x270.jpg 540w\" sizes=\"(max-width: 840px) 100vw, 840px\" \/><\/p>\n<p>\u00a0<\/p>\n<\/div>\n<\/div><\/div><\/div><\/div><\/div>","protected":false},"excerpt":{"rendered":"<p>Transparan Cepheler\u00a0\u00d6zel paslanmaz rotiller arac\u0131l\u0131\u011f\u0131yla d\u00f6rt kenar\u0131ndan delinerek tutturulmu\u015f olan \u0131s\u0131cam veya lamine tek veya \u0131s\u0131 camlara ta\u015f\u0131y\u0131c\u0131 \u00e7eklik konstr\u00fcksiyona mekanik olarak ba\u011flanmaktad\u0131r. Bu sistemde ana ta\u015f\u0131y\u0131c\u0131lar mimari istekleri do\u011frultusunda normal \u00e7elik veya paslanmaz \u00e7elik \u015feklinde \u00e7e\u015fitli alternatiflerle de yap\u0131labilmektedir. \u00a0<\/p>\n","protected":false},"author":1,"featured_media":1149,"parent":482,"menu_order":0,"comment_status":"closed","ping_status":"closed","template":"","meta":[],"_links":{"self":[{"href":"https:\/\/oskaraluminyum.com.tr\/oskar\/wp-json\/wp\/v2\/pages\/473"}],"collection":[{"href":"https:\/\/oskaraluminyum.com.tr\/oskar\/wp-json\/wp\/v2\/pages"}],"about":[{"href":"https:\/\/oskaraluminyum.com.tr\/oskar\/wp-json\/wp\/v2\/types\/page"}],"author":[{"embeddable":true,"href":"https:\/\/oskaraluminyum.com.tr\/oskar\/wp-json\/wp\/v2\/users\/1"}],"replies":[{"embeddable":true,"href":"https:\/\/oskaraluminyum.com.tr\/oskar\/wp-json\/wp\/v2\/comments?post=473"}],"version-history":[{"count":4,"href":"https:\/\/oskaraluminyum.com.tr\/oskar\/wp-json\/wp\/v2\/pages\/473\/revisions"}],"predecessor-version":[{"id":1150,"href":"https:\/\/oskaraluminyum.com.tr\/oskar\/wp-json\/wp\/v2\/pages\/473\/revisions\/1150"}],"up":[{"embeddable":true,"href":"https:\/\/oskaraluminyum.com.tr\/oskar\/wp-json\/wp\/v2\/pages\/482"}],"wp:featuredmedia":[{"embeddable":true,"href":"https:\/\/oskaraluminyum.com.tr\/oskar\/wp-json\/wp\/v2\/media\/1149"}],"wp:attachment":[{"href":"https:\/\/oskaraluminyum.com.tr\/oskar\/wp-json\/wp\/v2\/media?parent=473"}],"curies":[{"name":"wp","href":"https:\/\/api.w.org\/{rel}","templated":true}]}}