{"id":43,"date":"2015-10-22T05:52:08","date_gmt":"2015-10-22T05:52:08","guid":{"rendered":"http:\/\/xml-io.proteusthemes.com\/structurepress\/?page_id=43"},"modified":"2016-04-26T14:47:21","modified_gmt":"2016-04-26T11:47:21","slug":"cephe-kaplama-hizmetlerimiz","status":"publish","type":"page","link":"https:\/\/oskaraluminyum.com.tr\/oskar\/cephe-kaplama-hizmetlerimiz\/","title":{"rendered":"Hizmetlerimiz"},"content":{"rendered":"<div id=\"pl-43\"  class=\"panel-layout\" ><div id=\"pg-43-0\"  class=\"panel-grid panel-no-style\" ><div id=\"pgc-43-0-0\"  class=\"panel-grid-cell\" ><div id=\"panel-43-0-0-0\" class=\"so-panel widget widget_pw_featured_page widget-featured-page panel-first-child panel-last-child\" data-index=\"0\" >\n\t<div class=\"page-box  page-box--block\">\n\t\t\t\t\t<a class=\"page-box__picture\" href=\"https:\/\/oskaraluminyum.com.tr\/oskar\/cephe-kaplama-hizmetlerimiz\/aluminyum-kompozit-panel-cephe-kaplamalari\/\">\n\t\t\t\t<img src=\"https:\/\/oskaraluminyum.com.tr\/oskar\/wp-content\/uploads\/2016\/04\/atema-ostim-360x240.jpg\" width=\"360\" height=\"240\" srcset=\"https:\/\/oskaraluminyum.com.tr\/oskar\/wp-content\/uploads\/2016\/04\/atema-ostim-360x240.jpg 360w, https:\/\/oskaraluminyum.com.tr\/oskar\/wp-content\/uploads\/2016\/04\/atema-ostim.jpg 1024w\" sizes=\"(min-width: 1200px) 350px, (min-width: 992px) 284px, (min-width: 768px) 692px, calc(100vw - 30px)\" class=\"wp-post-image\" alt=\"Al\u00fcminyum Kompozit Panel Cephe Kaplamalar\u0131\">\n\t\t\t<\/a>\n\t\t\t\t<div class=\"page-box__content\">\n\t\t\t<h4 class=\"page-box__title\"><a href=\"https:\/\/oskaraluminyum.com.tr\/oskar\/cephe-kaplama-hizmetlerimiz\/aluminyum-kompozit-panel-cephe-kaplamalari\/\">Al\u00fcminyum Kompozit Panel Cephe Kaplamalar\u0131<\/a><\/h4>\n\t\t\t<p class=\"page-box__text\">Al\u00fcminyum Do\u011frama Sistemleri\r\nAl\u00fcminyum Do\u011frama Sistemleri\r\nYa\u015fam alanlar\u0131nda kullan\u0131lan sistemler olarak mente\u015feli pencere ve kap\u0131 do\u011framalar\u0131 olduk\u00e7a yayg\u0131nd\u0131r. Bu sistemlerden beklenen &hellip;<\/p>\n\t\t\t\t\t\t\t<a href=\"https:\/\/oskaraluminyum.com.tr\/oskar\/cephe-kaplama-hizmetlerimiz\/aluminyum-kompozit-panel-cephe-kaplamalari\/\" class=\"page-box__more-link\">Detay<\/a>\n\t\t\t\t\t<\/div>\n\t<\/div>\n\n<\/div><\/div><div id=\"pgc-43-0-1\"  class=\"panel-grid-cell\" ><div id=\"panel-43-0-1-0\" class=\"so-panel widget widget_pw_featured_page widget-featured-page panel-first-child panel-last-child\" data-index=\"1\" >\n\t<div class=\"page-box  page-box--block\">\n\t\t\t\t\t<a class=\"page-box__picture\" href=\"https:\/\/oskaraluminyum.com.tr\/oskar\/cephe-kaplama-hizmetlerimiz\/diger-sistemler\/\">\n\t\t\t\t<img src=\"https:\/\/oskaraluminyum.com.tr\/oskar\/wp-content\/uploads\/2016\/04\/cam-ile-uygulamalar-oskar-aluminyum-360x240.jpg\" width=\"360\" height=\"240\" srcset=\"https:\/\/oskaraluminyum.com.tr\/oskar\/wp-content\/uploads\/2016\/04\/cam-ile-uygulamalar-oskar-aluminyum-360x240.jpg 360w, https:\/\/oskaraluminyum.com.tr\/oskar\/wp-content\/uploads\/2016\/04\/cam-ile-uygulamalar-oskar-aluminyum.jpg 840w\" sizes=\"(min-width: 1200px) 350px, (min-width: 992px) 284px, (min-width: 768px) 692px, calc(100vw - 30px)\" class=\"wp-post-image\" alt=\"Di\u011fer Sistemler\">\n\t\t\t<\/a>\n\t\t\t\t<div class=\"page-box__content\">\n\t\t\t<h4 class=\"page-box__title\"><a href=\"https:\/\/oskaraluminyum.com.tr\/oskar\/cephe-kaplama-hizmetlerimiz\/diger-sistemler\/\">Di\u011fer Sistemler<\/a><\/h4>\n\t\t\t<p class=\"page-box__text\">G\u00fcne\u015f K\u0131r\u0131c\u0131lar\r\nG\u00fcne\u015f K\u0131r\u0131c\u0131lar \u00a0 Hareketli veya sabit sistemler \u015feklinde, g\u00fcne\u015fin etkilerine kar\u015f\u0131 koruma siperlik, g\u00fcn \u0131\u015f\u0131\u011f\u0131n\u0131n y\u00f6nlendirilmesi gibi i\u015flevlere hizmet etmekle &hellip;<\/p>\n\t\t\t\t\t\t\t<a href=\"https:\/\/oskaraluminyum.com.tr\/oskar\/cephe-kaplama-hizmetlerimiz\/diger-sistemler\/\" class=\"page-box__more-link\">Detay<\/a>\n\t\t\t\t\t<\/div>\n\t<\/div>\n\n<\/div><\/div><div id=\"pgc-43-0-2\"  class=\"panel-grid-cell\" ><div id=\"panel-43-0-2-0\" class=\"so-panel widget widget_pw_featured_page widget-featured-page panel-first-child panel-last-child\" data-index=\"2\" >\n\t<div class=\"page-box  page-box--block\">\n\t\t\t\t\t<a class=\"page-box__picture\" href=\"https:\/\/oskaraluminyum.com.tr\/oskar\/cephe-kaplama-hizmetlerimiz\/genel-uygulama-tipleri\/\">\n\t\t\t\t<img src=\"https:\/\/oskaraluminyum.com.tr\/oskar\/wp-content\/uploads\/2016\/04\/boru-profil-ile-uygulamalar-360x240.jpg\" width=\"360\" height=\"240\" srcset=\"https:\/\/oskaraluminyum.com.tr\/oskar\/wp-content\/uploads\/2016\/04\/boru-profil-ile-uygulamalar-360x240.jpg 360w, https:\/\/oskaraluminyum.com.tr\/oskar\/wp-content\/uploads\/2016\/04\/boru-profil-ile-uygulamalar.jpg 840w\" sizes=\"(min-width: 1200px) 350px, (min-width: 992px) 284px, (min-width: 768px) 692px, calc(100vw - 30px)\" class=\"wp-post-image\" alt=\"Genel Uygulama Tipleri\">\n\t\t\t<\/a>\n\t\t\t\t<div class=\"page-box__content\">\n\t\t\t<h4 class=\"page-box__title\"><a href=\"https:\/\/oskaraluminyum.com.tr\/oskar\/cephe-kaplama-hizmetlerimiz\/genel-uygulama-tipleri\/\">Genel Uygulama Tipleri<\/a><\/h4>\n\t\t\t<p class=\"page-box__text\">Boru Profil ile Uygulama\r\nBoru Profil ile Uygulama \u00a0 \u00d6zel paslanmaz rotiller arac\u0131l\u0131\u011f\u0131yla d\u00f6rt kenar\u0131ndan delinerek tutturulmu\u015f olan \u0131s\u0131cam veya lamine tek veya \u0131s\u0131 camlar ta\u015f\u0131y\u0131c\u0131 \u00e7elik &hellip;<\/p>\n\t\t\t\t\t\t\t<a href=\"https:\/\/oskaraluminyum.com.tr\/oskar\/cephe-kaplama-hizmetlerimiz\/genel-uygulama-tipleri\/\" class=\"page-box__more-link\">Detay<\/a>\n\t\t\t\t\t<\/div>\n\t<\/div>\n\n<\/div><\/div><\/div><\/div>","protected":false},"excerpt":{"rendered":"<p>Al\u00fcminyum Kompozit Panel Cephe Kaplamalar\u0131 Al\u00fcminyum Do\u011frama Sistemleri Al\u00fcminyum Do\u011frama Sistemleri Ya\u015fam alanlar\u0131nda kullan\u0131lan sistemler olarak mente\u015feli pencere ve kap\u0131 do\u011framalar\u0131 olduk\u00e7a yayg\u0131nd\u0131r. Bu sistemlerden beklenen &hellip; Detay Di\u011fer Sistemler G\u00fcne\u015f K\u0131r\u0131c\u0131lar G\u00fcne\u015f K\u0131r\u0131c\u0131lar \u00a0 Hareketli veya sabit sistemler \u015feklinde, g\u00fcne\u015fin etkilerine kar\u015f\u0131 koruma siperlik, g\u00fcn \u0131\u015f\u0131\u011f\u0131n\u0131n y\u00f6nlendirilmesi gibi i\u015flevlere hizmet etmekle &hellip; Detay Genel &hellip;<\/p>\n","protected":false},"author":1,"featured_media":0,"parent":0,"menu_order":0,"comment_status":"closed","ping_status":"closed","template":"","meta":[],"_links":{"self":[{"href":"https:\/\/oskaraluminyum.com.tr\/oskar\/wp-json\/wp\/v2\/pages\/43"}],"collection":[{"href":"https:\/\/oskaraluminyum.com.tr\/oskar\/wp-json\/wp\/v2\/pages"}],"about":[{"href":"https:\/\/oskaraluminyum.com.tr\/oskar\/wp-json\/wp\/v2\/types\/page"}],"author":[{"embeddable":true,"href":"https:\/\/oskaraluminyum.com.tr\/oskar\/wp-json\/wp\/v2\/users\/1"}],"replies":[{"embeddable":true,"href":"https:\/\/oskaraluminyum.com.tr\/oskar\/wp-json\/wp\/v2\/comments?post=43"}],"version-history":[{"count":5,"href":"https:\/\/oskaraluminyum.com.tr\/oskar\/wp-json\/wp\/v2\/pages\/43\/revisions"}],"predecessor-version":[{"id":1227,"href":"https:\/\/oskaraluminyum.com.tr\/oskar\/wp-json\/wp\/v2\/pages\/43\/revisions\/1227"}],"wp:attachment":[{"href":"https:\/\/oskaraluminyum.com.tr\/oskar\/wp-json\/wp\/v2\/media?parent=43"}],"curies":[{"name":"wp","href":"https:\/\/api.w.org\/{rel}","templated":true}]}}