{"id":1114,"date":"2016-04-26T07:57:37","date_gmt":"2016-04-26T04:57:37","guid":{"rendered":"http:\/\/oskaraluminyum.com.tr\/oskar\/?page_id=1114"},"modified":"2016-04-26T10:26:44","modified_gmt":"2016-04-26T07:26:44","slug":"gunes-kiricilar","status":"publish","type":"page","link":"https:\/\/oskaraluminyum.com.tr\/oskar\/cephe-kaplama-hizmetlerimiz\/diger-sistemler\/gunes-kiricilar\/","title":{"rendered":"G\u00fcne\u015f K\u0131r\u0131c\u0131lar"},"content":{"rendered":"<div id=\"pl-1114\"  class=\"panel-layout\" ><div id=\"pg-1114-0\"  class=\"panel-grid panel-no-style\" ><div id=\"pgc-1114-0-0\"  class=\"panel-grid-cell\" ><div id=\"panel-1114-0-0-0\" class=\"so-panel widget widget_sow-editor panel-first-child panel-last-child\" data-index=\"0\" ><div class=\"so-widget-sow-editor so-widget-sow-editor-base\">\n<div class=\"siteorigin-widget-tinymce textwidget\">\n\t<h4 style=\"text-align: justify;\">G\u00fcne\u015f K\u0131r\u0131c\u0131lar<\/h4>\n<p>\u00a0<\/p>\n<p style=\"text-align: justify;\">Hareketli veya sabit sistemler \u015feklinde, g\u00fcne\u015fin etkilerine kar\u015f\u0131 koruma siperlik, g\u00fcn \u0131\u015f\u0131\u011f\u0131n\u0131n y\u00f6nlendirilmesi gibi i\u015flevlere hizmet etmekle birlikte farkl\u0131 cephe \u00e7\u00f6z\u00fcmleri olu\u015fturmak i\u00e7in de kullan\u0131l\u0131r.<\/p>\n<\/div>\n<\/div><\/div><\/div><div id=\"pgc-1114-0-1\"  class=\"panel-grid-cell\" ><div id=\"panel-1114-0-1-0\" class=\"so-panel widget widget_sow-editor panel-first-child panel-last-child\" data-index=\"1\" ><div class=\"so-widget-sow-editor so-widget-sow-editor-base\">\n<div class=\"siteorigin-widget-tinymce textwidget\">\n\t<p><img loading=\"lazy\" class=\"alignleft size-full wp-image-1151\" src=\"http:\/\/oskaraluminyum.com.tr\/oskar\/wp-content\/uploads\/2016\/04\/gunes-kirici-aluminyum-kaplamalar.jpg\" alt=\"G\u00fcne\u015f K\u0131r\u0131c\u0131 Al\u00fcminyum Kaplamalar\" width=\"840\" height=\"420\" srcset=\"https:\/\/oskaraluminyum.com.tr\/oskar\/wp-content\/uploads\/2016\/04\/gunes-kirici-aluminyum-kaplamalar.jpg 840w, https:\/\/oskaraluminyum.com.tr\/oskar\/wp-content\/uploads\/2016\/04\/gunes-kirici-aluminyum-kaplamalar-300x150.jpg 300w, https:\/\/oskaraluminyum.com.tr\/oskar\/wp-content\/uploads\/2016\/04\/gunes-kirici-aluminyum-kaplamalar-768x384.jpg 768w, https:\/\/oskaraluminyum.com.tr\/oskar\/wp-content\/uploads\/2016\/04\/gunes-kirici-aluminyum-kaplamalar-540x270.jpg 540w\" sizes=\"(max-width: 840px) 100vw, 840px\" \/><\/p>\n<p>\u00a0<\/p>\n<\/div>\n<\/div><\/div><\/div><\/div><\/div>","protected":false},"excerpt":{"rendered":"<p>G\u00fcne\u015f K\u0131r\u0131c\u0131lar\u00a0Hareketli veya sabit sistemler \u015feklinde, g\u00fcne\u015fin etkilerine kar\u015f\u0131 koruma siperlik, g\u00fcn \u0131\u015f\u0131\u011f\u0131n\u0131n y\u00f6nlendirilmesi gibi i\u015flevlere hizmet etmekle birlikte farkl\u0131 cephe \u00e7\u00f6z\u00fcmleri olu\u015fturmak i\u00e7in de kullan\u0131l\u0131r. \u00a0<\/p>\n","protected":false},"author":1,"featured_media":1151,"parent":1112,"menu_order":0,"comment_status":"closed","ping_status":"closed","template":"","meta":[],"_links":{"self":[{"href":"https:\/\/oskaraluminyum.com.tr\/oskar\/wp-json\/wp\/v2\/pages\/1114"}],"collection":[{"href":"https:\/\/oskaraluminyum.com.tr\/oskar\/wp-json\/wp\/v2\/pages"}],"about":[{"href":"https:\/\/oskaraluminyum.com.tr\/oskar\/wp-json\/wp\/v2\/types\/page"}],"author":[{"embeddable":true,"href":"https:\/\/oskaraluminyum.com.tr\/oskar\/wp-json\/wp\/v2\/users\/1"}],"replies":[{"embeddable":true,"href":"https:\/\/oskaraluminyum.com.tr\/oskar\/wp-json\/wp\/v2\/comments?post=1114"}],"version-history":[{"count":3,"href":"https:\/\/oskaraluminyum.com.tr\/oskar\/wp-json\/wp\/v2\/pages\/1114\/revisions"}],"predecessor-version":[{"id":1153,"href":"https:\/\/oskaraluminyum.com.tr\/oskar\/wp-json\/wp\/v2\/pages\/1114\/revisions\/1153"}],"up":[{"embeddable":true,"href":"https:\/\/oskaraluminyum.com.tr\/oskar\/wp-json\/wp\/v2\/pages\/1112"}],"wp:featuredmedia":[{"embeddable":true,"href":"https:\/\/oskaraluminyum.com.tr\/oskar\/wp-json\/wp\/v2\/media\/1151"}],"wp:attachment":[{"href":"https:\/\/oskaraluminyum.com.tr\/oskar\/wp-json\/wp\/v2\/media?parent=1114"}],"curies":[{"name":"wp","href":"https:\/\/api.w.org\/{rel}","templated":true}]}}