{"id":1107,"date":"2016-04-26T07:49:11","date_gmt":"2016-04-26T04:49:11","guid":{"rendered":"http:\/\/oskaraluminyum.com.tr\/oskar\/?page_id=1107"},"modified":"2016-04-26T10:28:39","modified_gmt":"2016-04-26T07:28:39","slug":"boru-profil-ile-uygulamalar","status":"publish","type":"page","link":"https:\/\/oskaraluminyum.com.tr\/oskar\/cephe-kaplama-hizmetlerimiz\/genel-uygulama-tipleri\/boru-profil-ile-uygulamalar\/","title":{"rendered":"Boru Profil ile Uygulama"},"content":{"rendered":"<div id=\"pl-1107\"  class=\"panel-layout\" ><div id=\"pg-1107-0\"  class=\"panel-grid panel-no-style\" ><div id=\"pgc-1107-0-0\"  class=\"panel-grid-cell\" ><div id=\"panel-1107-0-0-0\" class=\"so-panel widget widget_sow-editor panel-first-child panel-last-child\" data-index=\"0\" ><div class=\"so-widget-sow-editor so-widget-sow-editor-base\">\n<div class=\"siteorigin-widget-tinymce textwidget\">\n\t<h4>Boru Profil ile Uygulama<\/h4>\n<p>\u00a0<\/p>\n<p style=\"text-align: justify;\">\u00d6zel paslanmaz rotiller arac\u0131l\u0131\u011f\u0131yla d\u00f6rt kenar\u0131ndan delinerek tutturulmu\u015f olan \u0131s\u0131cam veya lamine tek veya \u0131s\u0131 camlar ta\u015f\u0131y\u0131c\u0131 \u00e7elik konstr\u00fcksiyona mekanik olarak ba\u011flanmaktad\u0131r. Bu sistemde ana ta\u015f\u0131y\u0131c\u0131lar mimari istekler do\u011frultusunda normal \u00e7elik veya paslanmaz \u00e7elik \u015feklinde \u00e7e\u015fitli alternatiflerle de yap\u0131labilmektedir.Cam derzlerinde su s\u0131zd\u0131rmazl\u0131\u011f\u0131 i\u00e7in EPDM fitil ve ultraviyoleye dayan\u0131kl\u0131 silikonlar kullan\u0131l\u0131r.<\/p>\n<p style=\"text-align: justify;\">Mimari tercihe g\u00f6re, ta\u015f\u0131y\u0131c\u0131 konstr\u00fcksiyon d\u00fc\u015fey veya yatay \u015fekilde olu\u015fturabilmektedir. Paslanmaz spider tutucular projenin \u00f6zelli\u011fine g\u00f6re farkl\u0131 \u015fekillerde dizayn edilebilir.<\/p>\n<\/div>\n<\/div><\/div><\/div><div id=\"pgc-1107-0-1\"  class=\"panel-grid-cell\" ><div id=\"panel-1107-0-1-0\" class=\"so-panel widget widget_sow-editor panel-first-child panel-last-child\" data-index=\"1\" ><div class=\"so-widget-sow-editor so-widget-sow-editor-base\">\n<div class=\"siteorigin-widget-tinymce textwidget\">\n\t<p><img loading=\"lazy\" class=\"alignleft size-full wp-image-1158\" src=\"http:\/\/oskaraluminyum.com.tr\/oskar\/wp-content\/uploads\/2016\/04\/boru-profil-ile-uygulamalar.jpg\" alt=\"Boru Profil ile Uygulamalar \" width=\"840\" height=\"420\" srcset=\"https:\/\/oskaraluminyum.com.tr\/oskar\/wp-content\/uploads\/2016\/04\/boru-profil-ile-uygulamalar.jpg 840w, https:\/\/oskaraluminyum.com.tr\/oskar\/wp-content\/uploads\/2016\/04\/boru-profil-ile-uygulamalar-300x150.jpg 300w, https:\/\/oskaraluminyum.com.tr\/oskar\/wp-content\/uploads\/2016\/04\/boru-profil-ile-uygulamalar-768x384.jpg 768w, https:\/\/oskaraluminyum.com.tr\/oskar\/wp-content\/uploads\/2016\/04\/boru-profil-ile-uygulamalar-540x270.jpg 540w\" sizes=\"(max-width: 840px) 100vw, 840px\" \/><\/p>\n<p>\u00a0<\/p>\n<\/div>\n<\/div><\/div><\/div><\/div><\/div>","protected":false},"excerpt":{"rendered":"<p>Boru Profil ile Uygulama\u00a0\u00d6zel paslanmaz rotiller arac\u0131l\u0131\u011f\u0131yla d\u00f6rt kenar\u0131ndan delinerek tutturulmu\u015f olan \u0131s\u0131cam veya lamine tek veya \u0131s\u0131 camlar ta\u015f\u0131y\u0131c\u0131 \u00e7elik konstr\u00fcksiyona mekanik olarak ba\u011flanmaktad\u0131r. Bu sistemde ana ta\u015f\u0131y\u0131c\u0131lar mimari istekler do\u011frultusunda normal \u00e7elik veya paslanmaz \u00e7elik \u015feklinde \u00e7e\u015fitli alternatiflerle de yap\u0131labilmektedir.Cam derzlerinde su s\u0131zd\u0131rmazl\u0131\u011f\u0131 i\u00e7in EPDM fitil ve ultraviyoleye dayan\u0131kl\u0131 silikonlar kullan\u0131l\u0131r.Mimari tercihe g\u00f6re, &hellip;<\/p>\n","protected":false},"author":1,"featured_media":1158,"parent":1103,"menu_order":0,"comment_status":"closed","ping_status":"closed","template":"","meta":[],"_links":{"self":[{"href":"https:\/\/oskaraluminyum.com.tr\/oskar\/wp-json\/wp\/v2\/pages\/1107"}],"collection":[{"href":"https:\/\/oskaraluminyum.com.tr\/oskar\/wp-json\/wp\/v2\/pages"}],"about":[{"href":"https:\/\/oskaraluminyum.com.tr\/oskar\/wp-json\/wp\/v2\/types\/page"}],"author":[{"embeddable":true,"href":"https:\/\/oskaraluminyum.com.tr\/oskar\/wp-json\/wp\/v2\/users\/1"}],"replies":[{"embeddable":true,"href":"https:\/\/oskaraluminyum.com.tr\/oskar\/wp-json\/wp\/v2\/comments?post=1107"}],"version-history":[{"count":4,"href":"https:\/\/oskaraluminyum.com.tr\/oskar\/wp-json\/wp\/v2\/pages\/1107\/revisions"}],"predecessor-version":[{"id":1160,"href":"https:\/\/oskaraluminyum.com.tr\/oskar\/wp-json\/wp\/v2\/pages\/1107\/revisions\/1160"}],"up":[{"embeddable":true,"href":"https:\/\/oskaraluminyum.com.tr\/oskar\/wp-json\/wp\/v2\/pages\/1103"}],"wp:featuredmedia":[{"embeddable":true,"href":"https:\/\/oskaraluminyum.com.tr\/oskar\/wp-json\/wp\/v2\/media\/1158"}],"wp:attachment":[{"href":"https:\/\/oskaraluminyum.com.tr\/oskar\/wp-json\/wp\/v2\/media?parent=1107"}],"curies":[{"name":"wp","href":"https:\/\/api.w.org\/{rel}","templated":true}]}}