{"id":1101,"date":"2016-04-26T00:58:34","date_gmt":"2016-04-25T21:58:34","guid":{"rendered":"http:\/\/oskaraluminyum.com.tr\/oskar\/?page_id=1101"},"modified":"2016-04-26T10:25:15","modified_gmt":"2016-04-26T07:25:15","slug":"soguk-cephe-kaplamalar","status":"publish","type":"page","link":"https:\/\/oskaraluminyum.com.tr\/oskar\/cephe-kaplama-hizmetlerimiz\/aluminyum-kompozit-panel-cephe-kaplamalari\/soguk-cephe-kaplamalar\/","title":{"rendered":"So\u011fuk Cephe Kaplamalar"},"content":{"rendered":"<div id=\"pl-1101\"  class=\"panel-layout\" ><div id=\"pg-1101-0\"  class=\"panel-grid panel-no-style\" ><div id=\"pgc-1101-0-0\"  class=\"panel-grid-cell\" ><div id=\"panel-1101-0-0-0\" class=\"so-panel widget widget_sow-editor panel-first-child panel-last-child\" data-index=\"0\" ><div class=\"so-widget-sow-editor so-widget-sow-editor-base\">\n<div class=\"siteorigin-widget-tinymce textwidget\">\n\t<h4>So\u011fuk Cephe Kaplamalar\u0131<\/h4>\n<p>\u00a0<\/p>\n<p style=\"text-align: justify;\">Binalar\u0131n d\u0131\u015f cephelerinde kullan\u0131lmak \u00fczere geli\u015ftirilmi\u015f \"yang\u0131na dayan\u0131kl\u0131\" (tutu\u015fmaz) \u00f6zellikli al\u00fcminyum kompozit levha ile yap\u0131lan kaplama \u00e7e\u015fitidir. Standart \u00fcretim \u00f6l\u00e7\u00fclerinin yan\u0131 s\u0131ra iste\u011fe ba\u015fl\u0131 \u00f6zel \u00f6l\u00e7\u00fclerde, boyal\u0131 y\u00fczeyi y\u00fcksek dayan\u0131ml\u0131 koruma filmi ile kaplanm\u0131\u015f \u00fcr\u00fcnler kullan\u0131l\u0131r. Solid, Metalik, Sparkling(simli), Do\u011fal Ta\u015f ve Ah\u015fap desenli renk se\u00e7enekleri mevcuttur. Renkler standart olarak &amp;30 parlakl\u0131ktad\u0131r. Mimar\u0131 tercihe g\u00f6re %30 ile %80 aras\u0131 parlakl\u0131kta \u00fcretim m\u00fcmk\u00fcnd\u00fcr. Kompozit levha kaplama arkas\u0131na, duvar \u00f6n\u00fcne, ta\u015f\u00a0y\u00fcn\u00fc ve buhar dengeleyici uygulamas\u0131 ile \u0131s\u0131 yal\u0131t\u0131m\u0131 sa\u011flanmaktad\u0131r. 2 veya 3 mm kesitli boyal\u0131 al\u00fcminyum levhalar ile kaplamalar yapmak da m\u00fcmk\u00fcnd\u00fcr.<\/p>\n<\/div>\n<\/div><\/div><\/div><div id=\"pgc-1101-0-1\"  class=\"panel-grid-cell\" ><div id=\"panel-1101-0-1-0\" class=\"so-panel widget widget_sow-editor panel-first-child panel-last-child\" data-index=\"1\" ><div class=\"so-widget-sow-editor so-widget-sow-editor-base\">\n<div class=\"siteorigin-widget-tinymce textwidget\">\n\t<p>\u00a0<\/p>\n<p><img loading=\"lazy\" class=\"alignleft size-full wp-image-1146\" src=\"http:\/\/oskaraluminyum.com.tr\/oskar\/wp-content\/uploads\/2016\/04\/soguk-cephe-kaplamalari.jpg\" alt=\"So\u011fuk Cephe Kaplamalar\u0131\" width=\"840\" height=\"420\" srcset=\"https:\/\/oskaraluminyum.com.tr\/oskar\/wp-content\/uploads\/2016\/04\/soguk-cephe-kaplamalari.jpg 840w, https:\/\/oskaraluminyum.com.tr\/oskar\/wp-content\/uploads\/2016\/04\/soguk-cephe-kaplamalari-300x150.jpg 300w, https:\/\/oskaraluminyum.com.tr\/oskar\/wp-content\/uploads\/2016\/04\/soguk-cephe-kaplamalari-768x384.jpg 768w, https:\/\/oskaraluminyum.com.tr\/oskar\/wp-content\/uploads\/2016\/04\/soguk-cephe-kaplamalari-540x270.jpg 540w\" sizes=\"(max-width: 840px) 100vw, 840px\" \/><\/p>\n<\/div>\n<\/div><\/div><\/div><\/div><\/div>","protected":false},"excerpt":{"rendered":"<p>So\u011fuk Cephe Kaplamalar\u0131\u00a0Binalar\u0131n d\u0131\u015f cephelerinde kullan\u0131lmak \u00fczere geli\u015ftirilmi\u015f &#8220;yang\u0131na dayan\u0131kl\u0131&#8221; (tutu\u015fmaz) \u00f6zellikli al\u00fcminyum kompozit levha ile yap\u0131lan kaplama \u00e7e\u015fitidir. Standart \u00fcretim \u00f6l\u00e7\u00fclerinin yan\u0131 s\u0131ra iste\u011fe ba\u015fl\u0131 \u00f6zel \u00f6l\u00e7\u00fclerde, boyal\u0131 y\u00fczeyi y\u00fcksek dayan\u0131ml\u0131 koruma filmi ile kaplanm\u0131\u015f \u00fcr\u00fcnler kullan\u0131l\u0131r. Solid, Metalik, Sparkling(simli), Do\u011fal Ta\u015f ve Ah\u015fap desenli renk se\u00e7enekleri mevcuttur. Renkler standart olarak &amp;30 parlakl\u0131ktad\u0131r. Mimar\u0131 &hellip;<\/p>\n","protected":false},"author":1,"featured_media":1146,"parent":482,"menu_order":0,"comment_status":"closed","ping_status":"closed","template":"","meta":[],"_links":{"self":[{"href":"https:\/\/oskaraluminyum.com.tr\/oskar\/wp-json\/wp\/v2\/pages\/1101"}],"collection":[{"href":"https:\/\/oskaraluminyum.com.tr\/oskar\/wp-json\/wp\/v2\/pages"}],"about":[{"href":"https:\/\/oskaraluminyum.com.tr\/oskar\/wp-json\/wp\/v2\/types\/page"}],"author":[{"embeddable":true,"href":"https:\/\/oskaraluminyum.com.tr\/oskar\/wp-json\/wp\/v2\/users\/1"}],"replies":[{"embeddable":true,"href":"https:\/\/oskaraluminyum.com.tr\/oskar\/wp-json\/wp\/v2\/comments?post=1101"}],"version-history":[{"count":3,"href":"https:\/\/oskaraluminyum.com.tr\/oskar\/wp-json\/wp\/v2\/pages\/1101\/revisions"}],"predecessor-version":[{"id":1148,"href":"https:\/\/oskaraluminyum.com.tr\/oskar\/wp-json\/wp\/v2\/pages\/1101\/revisions\/1148"}],"up":[{"embeddable":true,"href":"https:\/\/oskaraluminyum.com.tr\/oskar\/wp-json\/wp\/v2\/pages\/482"}],"wp:featuredmedia":[{"embeddable":true,"href":"https:\/\/oskaraluminyum.com.tr\/oskar\/wp-json\/wp\/v2\/media\/1146"}],"wp:attachment":[{"href":"https:\/\/oskaraluminyum.com.tr\/oskar\/wp-json\/wp\/v2\/media?parent=1101"}],"curies":[{"name":"wp","href":"https:\/\/api.w.org\/{rel}","templated":true}]}}